{"id":4279,"date":"2025-07-20T12:44:16","date_gmt":"2025-07-20T12:44:16","guid":{"rendered":"https:\/\/gayaessence.com\/?post_type=product&#038;p=4279"},"modified":"2025-07-20T12:52:57","modified_gmt":"2025-07-20T12:52:57","slug":"namaste-goodvibes","status":"publish","type":"product","link":"https:\/\/gayaessence.com\/index.php\/producto\/namaste-goodvibes\/","title":{"rendered":"Namaste\/GoodVibes"},"content":{"rendered":"\t\t<div data-elementor-type=\"wp-post\" data-elementor-id=\"4279\" class=\"elementor elementor-4279\">\n\t\t\t\t\t\t<section class=\"elementor-section elementor-top-section elementor-element elementor-element-ba79a43 elementor-section-boxed elementor-section-height-default elementor-section-height-default\" data-id=\"ba79a43\" data-element_type=\"section\">\n\t\t\t\t\t\t<div class=\"elementor-container elementor-column-gap-default\">\n\t\t\t\t\t<div class=\"elementor-column elementor-col-100 elementor-top-column elementor-element elementor-element-183df69\" data-id=\"183df69\" data-element_type=\"column\">\n\t\t\t<div class=\"elementor-widget-wrap elementor-element-populated\">\n\t\t\t\t\t\t<section class=\"elementor-section elementor-inner-section elementor-element elementor-element-f5dfea0 elementor-section-boxed elementor-section-height-default elementor-section-height-default\" data-id=\"f5dfea0\" data-element_type=\"section\">\n\t\t\t\t\t\t<div class=\"elementor-container elementor-column-gap-default\">\n\t\t\t\t\t<div class=\"elementor-column elementor-col-50 elementor-inner-column elementor-element elementor-element-a5c31cf\" data-id=\"a5c31cf\" data-element_type=\"column\">\n\t\t\t<div class=\"elementor-widget-wrap elementor-element-populated\">\n\t\t\t\t\t\t<div class=\"elementor-element elementor-element-ae33da0 elementor-widget elementor-widget-heading\" data-id=\"ae33da0\" data-element_type=\"widget\" data-widget_type=\"heading.default\">\n\t\t\t\t<div class=\"elementor-widget-container\">\n\t\t\t<h3 class=\"elementor-heading-title elementor-size-default\">Descripci\u00f3n<\/h3>\t\t<\/div>\n\t\t\t\t<\/div>\n\t\t\t\t<div class=\"elementor-element elementor-element-ae57f90 elementor-widget elementor-widget-text-editor\" data-id=\"ae57f90\" data-element_type=\"widget\" data-widget_type=\"text-editor.default\">\n\t\t\t\t<div class=\"elementor-widget-container\">\n\t\t\t\t\t\t\t<p data-start=\"154\" data-end=\"432\">Este plato decorativo de pared est\u00e1 pensado para llenar tu hogar de belleza, intenci\u00f3n y buena energ\u00eda.<\/p><p data-start=\"154\" data-end=\"432\">Martillado a mano en aluminio por artesanos en Bali, y con la inscripci\u00f3n dorada <em data-start=\"339\" data-end=\"351\">GOOD VIBES<\/em> o <em data-start=\"354\" data-end=\"363\">NAMASTE<\/em>, es una invitaci\u00f3n suave a crear espacios con inspiraci\u00f3n, alma, calma y alegr\u00eda.<\/p><p data-start=\"434\" data-end=\"751\">Con un dise\u00f1o bohemio y elegante, combina detalles pintados a mano y un efecto envejecido intencional que lo hace a\u00fan m\u00e1s especial.<\/p><p data-start=\"434\" data-end=\"751\">Perfecto para colgar en la puerta, en la entrada o en tu rinc\u00f3n sagrado.<\/p><p data-start=\"434\" data-end=\"751\"><br data-start=\"638\" data-end=\"641\" \/>Disponible en tres colores: <strong data-start=\"669\" data-end=\"696\">azul, rosa y blanco<\/strong>, todos con letras doradas que destacan con luz propia.<\/p><p data-start=\"753\" data-end=\"959\">Detalles:<br data-start=\"764\" data-end=\"767\" \/>\u2013 Hecho a mano\u00a0<br data-start=\"789\" data-end=\"792\" \/>\u2013 Aluminio martillado con efecto boho<br data-start=\"829\" data-end=\"832\" \/>\u2013 Se cuelga f\u00e1cilmente con su cord\u00f3n incluido<br data-start=\"877\" data-end=\"880\" \/>\u2013 Uso recomendado para interior (puedes barnizarlo si deseas colocarlo fuera)<\/p><p data-start=\"961\" data-end=\"1100\">\ud83d\udccc <em data-start=\"964\" data-end=\"982\">Nota importante:<\/em> Su acabado patinado es parte de su esencia. Evita frotar con esponjas o productos abrasivos para mantener su belleza.<\/p><p data-start=\"1102\" data-end=\"1185\">Una pieza con intenci\u00f3n, para que la energ\u00eda de tu hogar empiece desde la entrada \u2728<\/p>\t\t\t\t\t\t<\/div>\n\t\t\t\t<\/div>\n\t\t\t\t\t<\/div>\n\t\t<\/div>\n\t\t\t\t<div class=\"elementor-column elementor-col-50 elementor-inner-column elementor-element elementor-element-a967996\" data-id=\"a967996\" data-element_type=\"column\">\n\t\t\t<div class=\"elementor-widget-wrap elementor-element-populated\">\n\t\t\t\t\t\t<div class=\"elementor-element elementor-element-38791ca elementor-widget elementor-widget-image\" data-id=\"38791ca\" data-element_type=\"widget\" data-widget_type=\"image.default\">\n\t\t\t\t<div class=\"elementor-widget-container\">\n\t\t\t\t\t\t\t\t\t\t\t\t\t<img decoding=\"async\" src=\"https:\/\/gayaessence.com\/wp-content\/uploads\/2025\/07\/IMG_9029.heic\" class=\"attachment-large size-large wp-image-4281\" alt=\"\" \/>\t\t\t\t\t\t\t\t\t\t\t\t\t<\/div>\n\t\t\t\t<\/div>\n\t\t\t\t\t<\/div>\n\t\t<\/div>\n\t\t\t\t\t<\/div>\n\t\t<\/section>\n\t\t\t\t\t<\/div>\n\t\t<\/div>\n\t\t\t\t\t<\/div>\n\t\t<\/section>\n\t\t\t\t<\/div>\n\t\t","protected":false},"excerpt":{"rendered":"<p>Descripci\u00f3n Este plato decorativo de pared est\u00e1 pensado para llenar tu hogar de belleza, intenci\u00f3n y buena energ\u00eda. Martillado a mano en aluminio por artesanos en<span class=\"excerpt-hellip\"> [\u2026]<\/span><\/p>\n","protected":false},"featured_media":4280,"template":"","meta":[],"product_brand":[],"product_cat":[27],"product_tag":[],"class_list":{"0":"post-4279","1":"product","2":"type-product","3":"status-publish","4":"has-post-thumbnail","6":"product_cat-hogar","8":"first","9":"instock","10":"shipping-taxable","11":"purchasable","12":"product-type-variable"},"yoast_head":"<!-- This site is optimized with the Yoast SEO plugin v23.9 - https:\/\/yoast.com\/wordpress\/plugins\/seo\/ -->\n<title>Namaste\/GoodVibes - Gaya Essence<\/title>\n<meta name=\"robots\" content=\"index, follow, max-snippet:-1, max-image-preview:large, max-video-preview:-1\" \/>\n<link rel=\"canonical\" href=\"https:\/\/gayaessence.com\/index.php\/producto\/namaste-goodvibes\/\" \/>\n<meta property=\"og:locale\" content=\"es_ES\" \/>\n<meta property=\"og:type\" content=\"article\" \/>\n<meta property=\"og:title\" content=\"Namaste\/GoodVibes - Gaya Essence\" \/>\n<meta property=\"og:description\" content=\"Descripci\u00f3n Este plato decorativo de pared est\u00e1 pensado para llenar tu hogar de belleza, intenci\u00f3n y buena energ\u00eda. Martillado a mano en aluminio por artesanos en [\u2026]\" \/>\n<meta property=\"og:url\" content=\"https:\/\/gayaessence.com\/index.php\/producto\/namaste-goodvibes\/\" \/>\n<meta property=\"og:site_name\" content=\"Gaya Essence\" \/>\n<meta property=\"article:modified_time\" content=\"2025-07-20T12:52:57+00:00\" \/>\n<meta property=\"og:image\" content=\"https:\/\/gayaessence.com\/wp-content\/uploads\/2025\/07\/IMG_9046.jpg\" \/>\n\t<meta property=\"og:image:width\" content=\"1053\" \/>\n\t<meta property=\"og:image:height\" content=\"1043\" \/>\n\t<meta property=\"og:image:type\" content=\"image\/jpeg\" \/>\n<meta name=\"twitter:card\" content=\"summary_large_image\" \/>\n<meta name=\"twitter:label1\" content=\"Tiempo de lectura\" \/>\n\t<meta name=\"twitter:data1\" content=\"2 minutos\" \/>\n<script type=\"application\/ld+json\" class=\"yoast-schema-graph\">{\"@context\":\"https:\/\/schema.org\",\"@graph\":[{\"@type\":\"WebPage\",\"@id\":\"https:\/\/gayaessence.com\/index.php\/producto\/namaste-goodvibes\/\",\"url\":\"https:\/\/gayaessence.com\/index.php\/producto\/namaste-goodvibes\/\",\"name\":\"Namaste\/GoodVibes - Gaya Essence\",\"isPartOf\":{\"@id\":\"https:\/\/gayaessence.com\/#website\"},\"primaryImageOfPage\":{\"@id\":\"https:\/\/gayaessence.com\/index.php\/producto\/namaste-goodvibes\/#primaryimage\"},\"image\":{\"@id\":\"https:\/\/gayaessence.com\/index.php\/producto\/namaste-goodvibes\/#primaryimage\"},\"thumbnailUrl\":\"https:\/\/gayaessence.com\/wp-content\/uploads\/2025\/07\/IMG_9046.jpg\",\"datePublished\":\"2025-07-20T12:44:16+00:00\",\"dateModified\":\"2025-07-20T12:52:57+00:00\",\"breadcrumb\":{\"@id\":\"https:\/\/gayaessence.com\/index.php\/producto\/namaste-goodvibes\/#breadcrumb\"},\"inLanguage\":\"es\",\"potentialAction\":[{\"@type\":\"ReadAction\",\"target\":[\"https:\/\/gayaessence.com\/index.php\/producto\/namaste-goodvibes\/\"]}]},{\"@type\":\"ImageObject\",\"inLanguage\":\"es\",\"@id\":\"https:\/\/gayaessence.com\/index.php\/producto\/namaste-goodvibes\/#primaryimage\",\"url\":\"https:\/\/gayaessence.com\/wp-content\/uploads\/2025\/07\/IMG_9046.jpg\",\"contentUrl\":\"https:\/\/gayaessence.com\/wp-content\/uploads\/2025\/07\/IMG_9046.jpg\",\"width\":1053,\"height\":1043},{\"@type\":\"BreadcrumbList\",\"@id\":\"https:\/\/gayaessence.com\/index.php\/producto\/namaste-goodvibes\/#breadcrumb\",\"itemListElement\":[{\"@type\":\"ListItem\",\"position\":1,\"name\":\"Portada\",\"item\":\"https:\/\/gayaessence.com\/\"},{\"@type\":\"ListItem\",\"position\":2,\"name\":\"Tienda\",\"item\":\"https:\/\/gayaessence.com\/index.php\/shop\/\"},{\"@type\":\"ListItem\",\"position\":3,\"name\":\"Namaste\/GoodVibes\"}]},{\"@type\":\"WebSite\",\"@id\":\"https:\/\/gayaessence.com\/#website\",\"url\":\"https:\/\/gayaessence.com\/\",\"name\":\"Gaya Essence\",\"description\":\"Cuida, Protege y Eleva tu Vibraci\u00f3n\",\"publisher\":{\"@id\":\"https:\/\/gayaessence.com\/#organization\"},\"potentialAction\":[{\"@type\":\"SearchAction\",\"target\":{\"@type\":\"EntryPoint\",\"urlTemplate\":\"https:\/\/gayaessence.com\/?s={search_term_string}\"},\"query-input\":{\"@type\":\"PropertyValueSpecification\",\"valueRequired\":true,\"valueName\":\"search_term_string\"}}],\"inLanguage\":\"es\"},{\"@type\":\"Organization\",\"@id\":\"https:\/\/gayaessence.com\/#organization\",\"name\":\"Gaya Essence\",\"url\":\"https:\/\/gayaessence.com\/\",\"logo\":{\"@type\":\"ImageObject\",\"inLanguage\":\"es\",\"@id\":\"https:\/\/gayaessence.com\/#\/schema\/logo\/image\/\",\"url\":\"https:\/\/gayaessence.com\/wp-content\/uploads\/2024\/10\/cropped-logo-transp-1.png\",\"contentUrl\":\"https:\/\/gayaessence.com\/wp-content\/uploads\/2024\/10\/cropped-logo-transp-1.png\",\"width\":500,\"height\":196,\"caption\":\"Gaya Essence\"},\"image\":{\"@id\":\"https:\/\/gayaessence.com\/#\/schema\/logo\/image\/\"}}]}<\/script>\n<!-- \/ Yoast SEO plugin. -->","yoast_head_json":{"title":"Namaste\/GoodVibes - Gaya Essence","robots":{"index":"index","follow":"follow","max-snippet":"max-snippet:-1","max-image-preview":"max-image-preview:large","max-video-preview":"max-video-preview:-1"},"canonical":"https:\/\/gayaessence.com\/index.php\/producto\/namaste-goodvibes\/","og_locale":"es_ES","og_type":"article","og_title":"Namaste\/GoodVibes - Gaya Essence","og_description":"Descripci\u00f3n Este plato decorativo de pared est\u00e1 pensado para llenar tu hogar de belleza, intenci\u00f3n y buena energ\u00eda. Martillado a mano en aluminio por artesanos en [\u2026]","og_url":"https:\/\/gayaessence.com\/index.php\/producto\/namaste-goodvibes\/","og_site_name":"Gaya Essence","article_modified_time":"2025-07-20T12:52:57+00:00","og_image":[{"width":1053,"height":1043,"url":"https:\/\/gayaessence.com\/wp-content\/uploads\/2025\/07\/IMG_9046.jpg","type":"image\/jpeg"}],"twitter_card":"summary_large_image","twitter_misc":{"Tiempo de lectura":"2 minutos"},"schema":{"@context":"https:\/\/schema.org","@graph":[{"@type":"WebPage","@id":"https:\/\/gayaessence.com\/index.php\/producto\/namaste-goodvibes\/","url":"https:\/\/gayaessence.com\/index.php\/producto\/namaste-goodvibes\/","name":"Namaste\/GoodVibes - Gaya Essence","isPartOf":{"@id":"https:\/\/gayaessence.com\/#website"},"primaryImageOfPage":{"@id":"https:\/\/gayaessence.com\/index.php\/producto\/namaste-goodvibes\/#primaryimage"},"image":{"@id":"https:\/\/gayaessence.com\/index.php\/producto\/namaste-goodvibes\/#primaryimage"},"thumbnailUrl":"https:\/\/gayaessence.com\/wp-content\/uploads\/2025\/07\/IMG_9046.jpg","datePublished":"2025-07-20T12:44:16+00:00","dateModified":"2025-07-20T12:52:57+00:00","breadcrumb":{"@id":"https:\/\/gayaessence.com\/index.php\/producto\/namaste-goodvibes\/#breadcrumb"},"inLanguage":"es","potentialAction":[{"@type":"ReadAction","target":["https:\/\/gayaessence.com\/index.php\/producto\/namaste-goodvibes\/"]}]},{"@type":"ImageObject","inLanguage":"es","@id":"https:\/\/gayaessence.com\/index.php\/producto\/namaste-goodvibes\/#primaryimage","url":"https:\/\/gayaessence.com\/wp-content\/uploads\/2025\/07\/IMG_9046.jpg","contentUrl":"https:\/\/gayaessence.com\/wp-content\/uploads\/2025\/07\/IMG_9046.jpg","width":1053,"height":1043},{"@type":"BreadcrumbList","@id":"https:\/\/gayaessence.com\/index.php\/producto\/namaste-goodvibes\/#breadcrumb","itemListElement":[{"@type":"ListItem","position":1,"name":"Portada","item":"https:\/\/gayaessence.com\/"},{"@type":"ListItem","position":2,"name":"Tienda","item":"https:\/\/gayaessence.com\/index.php\/shop\/"},{"@type":"ListItem","position":3,"name":"Namaste\/GoodVibes"}]},{"@type":"WebSite","@id":"https:\/\/gayaessence.com\/#website","url":"https:\/\/gayaessence.com\/","name":"Gaya Essence","description":"Cuida, Protege y Eleva tu Vibraci\u00f3n","publisher":{"@id":"https:\/\/gayaessence.com\/#organization"},"potentialAction":[{"@type":"SearchAction","target":{"@type":"EntryPoint","urlTemplate":"https:\/\/gayaessence.com\/?s={search_term_string}"},"query-input":{"@type":"PropertyValueSpecification","valueRequired":true,"valueName":"search_term_string"}}],"inLanguage":"es"},{"@type":"Organization","@id":"https:\/\/gayaessence.com\/#organization","name":"Gaya Essence","url":"https:\/\/gayaessence.com\/","logo":{"@type":"ImageObject","inLanguage":"es","@id":"https:\/\/gayaessence.com\/#\/schema\/logo\/image\/","url":"https:\/\/gayaessence.com\/wp-content\/uploads\/2024\/10\/cropped-logo-transp-1.png","contentUrl":"https:\/\/gayaessence.com\/wp-content\/uploads\/2024\/10\/cropped-logo-transp-1.png","width":500,"height":196,"caption":"Gaya Essence"},"image":{"@id":"https:\/\/gayaessence.com\/#\/schema\/logo\/image\/"}}]}},"jetpack_sharing_enabled":true,"_links":{"self":[{"href":"https:\/\/gayaessence.com\/index.php\/wp-json\/wp\/v2\/product\/4279","targetHints":{"allow":["GET"]}}],"collection":[{"href":"https:\/\/gayaessence.com\/index.php\/wp-json\/wp\/v2\/product"}],"about":[{"href":"https:\/\/gayaessence.com\/index.php\/wp-json\/wp\/v2\/types\/product"}],"version-history":[{"count":5,"href":"https:\/\/gayaessence.com\/index.php\/wp-json\/wp\/v2\/product\/4279\/revisions"}],"predecessor-version":[{"id":4294,"href":"https:\/\/gayaessence.com\/index.php\/wp-json\/wp\/v2\/product\/4279\/revisions\/4294"}],"wp:featuredmedia":[{"embeddable":true,"href":"https:\/\/gayaessence.com\/index.php\/wp-json\/wp\/v2\/media\/4280"}],"wp:attachment":[{"href":"https:\/\/gayaessence.com\/index.php\/wp-json\/wp\/v2\/media?parent=4279"}],"wp:term":[{"taxonomy":"product_brand","embeddable":true,"href":"https:\/\/gayaessence.com\/index.php\/wp-json\/wp\/v2\/product_brand?post=4279"},{"taxonomy":"product_cat","embeddable":true,"href":"https:\/\/gayaessence.com\/index.php\/wp-json\/wp\/v2\/product_cat?post=4279"},{"taxonomy":"product_tag","embeddable":true,"href":"https:\/\/gayaessence.com\/index.php\/wp-json\/wp\/v2\/product_tag?post=4279"}],"curies":[{"name":"wp","href":"https:\/\/api.w.org\/{rel}","templated":true}]}}