{"id":3673,"date":"2025-04-16T11:03:34","date_gmt":"2025-04-16T11:03:34","guid":{"rendered":"https:\/\/gayaessence.com\/?post_type=product&#038;p=3673"},"modified":"2025-08-18T00:00:26","modified_gmt":"2025-08-18T00:00:26","slug":"posavelas-de-te","status":"publish","type":"product","link":"https:\/\/gayaessence.com\/index.php\/producto\/posavelas-de-te\/","title":{"rendered":"Posavelas de te dise\u00f1o mandala"},"content":{"rendered":"\t\t<div data-elementor-type=\"wp-post\" data-elementor-id=\"3673\" class=\"elementor elementor-3673\">\n\t\t\t\t\t\t<section class=\"elementor-section elementor-top-section elementor-element elementor-element-ba79a43 elementor-section-boxed elementor-section-height-default elementor-section-height-default\" data-id=\"ba79a43\" data-element_type=\"section\">\n\t\t\t\t\t\t<div class=\"elementor-container elementor-column-gap-default\">\n\t\t\t\t\t<div class=\"elementor-column elementor-col-100 elementor-top-column elementor-element elementor-element-183df69\" data-id=\"183df69\" data-element_type=\"column\">\n\t\t\t<div class=\"elementor-widget-wrap elementor-element-populated\">\n\t\t\t\t\t\t<section class=\"elementor-section elementor-inner-section elementor-element elementor-element-f5dfea0 elementor-section-boxed elementor-section-height-default elementor-section-height-default\" data-id=\"f5dfea0\" data-element_type=\"section\">\n\t\t\t\t\t\t<div class=\"elementor-container elementor-column-gap-default\">\n\t\t\t\t\t<div class=\"elementor-column elementor-col-50 elementor-inner-column elementor-element elementor-element-a5c31cf\" data-id=\"a5c31cf\" data-element_type=\"column\">\n\t\t\t<div class=\"elementor-widget-wrap elementor-element-populated\">\n\t\t\t\t\t\t<div class=\"elementor-element elementor-element-ae33da0 elementor-widget elementor-widget-heading\" data-id=\"ae33da0\" data-element_type=\"widget\" data-widget_type=\"heading.default\">\n\t\t\t\t<div class=\"elementor-widget-container\">\n\t\t\t<h3 class=\"elementor-heading-title elementor-size-default\">Descripci\u00f3n<\/h3>\t\t<\/div>\n\t\t\t\t<\/div>\n\t\t\t\t<div class=\"elementor-element elementor-element-ae57f90 elementor-widget elementor-widget-text-editor\" data-id=\"ae57f90\" data-element_type=\"widget\" data-widget_type=\"text-editor.default\">\n\t\t\t\t<div class=\"elementor-widget-container\">\n\t\t\t\t\t\t\t<p class=\"\" data-start=\"148\" data-end=\"477\">Aporta calidez y armon\u00eda a tus espacios con nuestro <strong data-start=\"200\" data-end=\"239\">portavelas de t\u00e9 con dise\u00f1o mandala<\/strong>, una pieza artesanal elaborada cuidadosamente a mano en cer\u00e1mica. Su delicado patr\u00f3n mand\u00e1lico invita a la relajaci\u00f3n y al equilibrio, ideal para momentos de meditaci\u00f3n, rituales o simplemente para crear un ambiente acogedor en tu hogar.<\/p><p class=\"\" data-start=\"479\" data-end=\"667\">Cada portavelas es \u00fanico, con detalles que reflejan el trabajo minucioso de nuestros artesanos. Perfecto para regalar o para complementar tu decoraci\u00f3n con un toque espiritual y art\u00edstico.<\/p><p class=\"\" data-start=\"669\" data-end=\"691\">\u2728 <strong data-start=\"671\" data-end=\"691\">Caracter\u00edsticas:<\/strong><\/p><ul data-start=\"692\" data-end=\"865\"><li class=\"\" data-start=\"692\" data-end=\"736\"><p class=\"\" data-start=\"694\" data-end=\"736\">Hecho a mano en cer\u00e1mica de alta calidad<\/p><\/li><li class=\"\" data-start=\"737\" data-end=\"777\"><p class=\"\" data-start=\"739\" data-end=\"777\">Dise\u00f1o mandala tallado con precisi\u00f3n<\/p><\/li><li class=\"\" data-start=\"778\" data-end=\"812\"><p class=\"\" data-start=\"780\" data-end=\"812\">Apto para velas de t\u00e9 est\u00e1ndar<\/p><\/li><li class=\"\" data-start=\"813\" data-end=\"865\"><p class=\"\" data-start=\"815\" data-end=\"865\">Ideal para decoraci\u00f3n, meditaci\u00f3n o aromaterapia<\/p><\/li><\/ul>\t\t\t\t\t\t<\/div>\n\t\t\t\t<\/div>\n\t\t\t\t\t<\/div>\n\t\t<\/div>\n\t\t\t\t<div class=\"elementor-column elementor-col-50 elementor-inner-column elementor-element elementor-element-a967996\" data-id=\"a967996\" data-element_type=\"column\">\n\t\t\t<div class=\"elementor-widget-wrap elementor-element-populated\">\n\t\t\t\t\t\t<div class=\"elementor-element elementor-element-38791ca elementor-widget elementor-widget-image\" data-id=\"38791ca\" data-element_type=\"widget\" data-widget_type=\"image.default\">\n\t\t\t\t<div class=\"elementor-widget-container\">\n\t\t\t\t\t\t\t\t\t\t\t\t\t<img fetchpriority=\"high\" decoding=\"async\" width=\"980\" height=\"1060\" src=\"https:\/\/gayaessence.com\/wp-content\/uploads\/2025\/04\/Captura-de-pantalla-2025-04-16-a-las-12.51.30.png\" class=\"attachment-large size-large wp-image-3676\" alt=\"\" srcset=\"https:\/\/gayaessence.com\/wp-content\/uploads\/2025\/04\/Captura-de-pantalla-2025-04-16-a-las-12.51.30.png 980w, https:\/\/gayaessence.com\/wp-content\/uploads\/2025\/04\/Captura-de-pantalla-2025-04-16-a-las-12.51.30-462x500.png 462w, https:\/\/gayaessence.com\/wp-content\/uploads\/2025\/04\/Captura-de-pantalla-2025-04-16-a-las-12.51.30-277x300.png 277w, https:\/\/gayaessence.com\/wp-content\/uploads\/2025\/04\/Captura-de-pantalla-2025-04-16-a-las-12.51.30-768x831.png 768w, https:\/\/gayaessence.com\/wp-content\/uploads\/2025\/04\/Captura-de-pantalla-2025-04-16-a-las-12.51.30-69x75.png 69w, https:\/\/gayaessence.com\/wp-content\/uploads\/2025\/04\/Captura-de-pantalla-2025-04-16-a-las-12.51.30-480x519.png 480w, https:\/\/gayaessence.com\/wp-content\/uploads\/2025\/04\/Captura-de-pantalla-2025-04-16-a-las-12.51.30-800x865.png 800w\" sizes=\"(max-width:767px) 480px, (max-width:980px) 100vw, 980px\" \/>\t\t\t\t\t\t\t\t\t\t\t\t\t<\/div>\n\t\t\t\t<\/div>\n\t\t\t\t\t<\/div>\n\t\t<\/div>\n\t\t\t\t\t<\/div>\n\t\t<\/section>\n\t\t\t\t\t<\/div>\n\t\t<\/div>\n\t\t\t\t\t<\/div>\n\t\t<\/section>\n\t\t\t\t<\/div>\n\t\t","protected":false},"excerpt":{"rendered":"<p>Descripci\u00f3n Aporta calidez y armon\u00eda a tus espacios con nuestro portavelas de t\u00e9 con dise\u00f1o mandala, una pieza artesanal elaborada cuidadosamente a mano en cer\u00e1mica. Su<span class=\"excerpt-hellip\"> [\u2026]<\/span><\/p>\n","protected":false},"featured_media":3676,"template":"","meta":[],"product_brand":[],"product_cat":[27],"product_tag":[],"class_list":{"0":"post-3673","1":"product","2":"type-product","3":"status-publish","4":"has-post-thumbnail","6":"product_cat-hogar","8":"first","9":"instock","10":"shipping-taxable","11":"purchasable","12":"product-type-variable"},"yoast_head":"<!-- This site is optimized with the Yoast SEO plugin v23.9 - https:\/\/yoast.com\/wordpress\/plugins\/seo\/ -->\n<title>Posavelas de te dise\u00f1o mandala - Gaya Essence<\/title>\n<meta name=\"robots\" content=\"index, follow, max-snippet:-1, max-image-preview:large, max-video-preview:-1\" \/>\n<link rel=\"canonical\" href=\"https:\/\/gayaessence.com\/index.php\/producto\/posavelas-de-te\/\" \/>\n<meta property=\"og:locale\" content=\"es_ES\" \/>\n<meta property=\"og:type\" content=\"article\" \/>\n<meta property=\"og:title\" content=\"Posavelas de te dise\u00f1o mandala - Gaya Essence\" \/>\n<meta property=\"og:description\" content=\"Descripci\u00f3n Aporta calidez y armon\u00eda a tus espacios con nuestro portavelas de t\u00e9 con dise\u00f1o mandala, una pieza artesanal elaborada cuidadosamente a mano en cer\u00e1mica. Su [\u2026]\" \/>\n<meta property=\"og:url\" content=\"https:\/\/gayaessence.com\/index.php\/producto\/posavelas-de-te\/\" \/>\n<meta property=\"og:site_name\" content=\"Gaya Essence\" \/>\n<meta property=\"article:modified_time\" content=\"2025-08-18T00:00:26+00:00\" \/>\n<meta property=\"og:image\" content=\"https:\/\/gayaessence.com\/wp-content\/uploads\/2025\/04\/Captura-de-pantalla-2025-04-16-a-las-12.51.30.png\" \/>\n\t<meta property=\"og:image:width\" content=\"980\" \/>\n\t<meta property=\"og:image:height\" content=\"1060\" \/>\n\t<meta property=\"og:image:type\" content=\"image\/png\" \/>\n<meta name=\"twitter:card\" content=\"summary_large_image\" \/>\n<meta name=\"twitter:label1\" content=\"Tiempo de lectura\" \/>\n\t<meta name=\"twitter:data1\" content=\"1 minuto\" \/>\n<script type=\"application\/ld+json\" class=\"yoast-schema-graph\">{\"@context\":\"https:\/\/schema.org\",\"@graph\":[{\"@type\":\"WebPage\",\"@id\":\"https:\/\/gayaessence.com\/index.php\/producto\/posavelas-de-te\/\",\"url\":\"https:\/\/gayaessence.com\/index.php\/producto\/posavelas-de-te\/\",\"name\":\"Posavelas de te dise\u00f1o mandala - Gaya Essence\",\"isPartOf\":{\"@id\":\"https:\/\/gayaessence.com\/#website\"},\"primaryImageOfPage\":{\"@id\":\"https:\/\/gayaessence.com\/index.php\/producto\/posavelas-de-te\/#primaryimage\"},\"image\":{\"@id\":\"https:\/\/gayaessence.com\/index.php\/producto\/posavelas-de-te\/#primaryimage\"},\"thumbnailUrl\":\"https:\/\/gayaessence.com\/wp-content\/uploads\/2025\/04\/Captura-de-pantalla-2025-04-16-a-las-12.51.30.png\",\"datePublished\":\"2025-04-16T11:03:34+00:00\",\"dateModified\":\"2025-08-18T00:00:26+00:00\",\"breadcrumb\":{\"@id\":\"https:\/\/gayaessence.com\/index.php\/producto\/posavelas-de-te\/#breadcrumb\"},\"inLanguage\":\"es\",\"potentialAction\":[{\"@type\":\"ReadAction\",\"target\":[\"https:\/\/gayaessence.com\/index.php\/producto\/posavelas-de-te\/\"]}]},{\"@type\":\"ImageObject\",\"inLanguage\":\"es\",\"@id\":\"https:\/\/gayaessence.com\/index.php\/producto\/posavelas-de-te\/#primaryimage\",\"url\":\"https:\/\/gayaessence.com\/wp-content\/uploads\/2025\/04\/Captura-de-pantalla-2025-04-16-a-las-12.51.30.png\",\"contentUrl\":\"https:\/\/gayaessence.com\/wp-content\/uploads\/2025\/04\/Captura-de-pantalla-2025-04-16-a-las-12.51.30.png\",\"width\":980,\"height\":1060},{\"@type\":\"BreadcrumbList\",\"@id\":\"https:\/\/gayaessence.com\/index.php\/producto\/posavelas-de-te\/#breadcrumb\",\"itemListElement\":[{\"@type\":\"ListItem\",\"position\":1,\"name\":\"Portada\",\"item\":\"https:\/\/gayaessence.com\/\"},{\"@type\":\"ListItem\",\"position\":2,\"name\":\"Tienda\",\"item\":\"https:\/\/gayaessence.com\/index.php\/shop\/\"},{\"@type\":\"ListItem\",\"position\":3,\"name\":\"Posavelas de te dise\u00f1o mandala\"}]},{\"@type\":\"WebSite\",\"@id\":\"https:\/\/gayaessence.com\/#website\",\"url\":\"https:\/\/gayaessence.com\/\",\"name\":\"Gaya Essence\",\"description\":\"Cuida, Protege y Eleva tu Vibraci\u00f3n\",\"publisher\":{\"@id\":\"https:\/\/gayaessence.com\/#organization\"},\"potentialAction\":[{\"@type\":\"SearchAction\",\"target\":{\"@type\":\"EntryPoint\",\"urlTemplate\":\"https:\/\/gayaessence.com\/?s={search_term_string}\"},\"query-input\":{\"@type\":\"PropertyValueSpecification\",\"valueRequired\":true,\"valueName\":\"search_term_string\"}}],\"inLanguage\":\"es\"},{\"@type\":\"Organization\",\"@id\":\"https:\/\/gayaessence.com\/#organization\",\"name\":\"Gaya Essence\",\"url\":\"https:\/\/gayaessence.com\/\",\"logo\":{\"@type\":\"ImageObject\",\"inLanguage\":\"es\",\"@id\":\"https:\/\/gayaessence.com\/#\/schema\/logo\/image\/\",\"url\":\"https:\/\/gayaessence.com\/wp-content\/uploads\/2024\/10\/cropped-logo-transp-1.png\",\"contentUrl\":\"https:\/\/gayaessence.com\/wp-content\/uploads\/2024\/10\/cropped-logo-transp-1.png\",\"width\":500,\"height\":196,\"caption\":\"Gaya Essence\"},\"image\":{\"@id\":\"https:\/\/gayaessence.com\/#\/schema\/logo\/image\/\"}}]}<\/script>\n<!-- \/ Yoast SEO plugin. -->","yoast_head_json":{"title":"Posavelas de te dise\u00f1o mandala - Gaya Essence","robots":{"index":"index","follow":"follow","max-snippet":"max-snippet:-1","max-image-preview":"max-image-preview:large","max-video-preview":"max-video-preview:-1"},"canonical":"https:\/\/gayaessence.com\/index.php\/producto\/posavelas-de-te\/","og_locale":"es_ES","og_type":"article","og_title":"Posavelas de te dise\u00f1o mandala - Gaya Essence","og_description":"Descripci\u00f3n Aporta calidez y armon\u00eda a tus espacios con nuestro portavelas de t\u00e9 con dise\u00f1o mandala, una pieza artesanal elaborada cuidadosamente a mano en cer\u00e1mica. Su [\u2026]","og_url":"https:\/\/gayaessence.com\/index.php\/producto\/posavelas-de-te\/","og_site_name":"Gaya Essence","article_modified_time":"2025-08-18T00:00:26+00:00","og_image":[{"width":980,"height":1060,"url":"https:\/\/gayaessence.com\/wp-content\/uploads\/2025\/04\/Captura-de-pantalla-2025-04-16-a-las-12.51.30.png","type":"image\/png"}],"twitter_card":"summary_large_image","twitter_misc":{"Tiempo de lectura":"1 minuto"},"schema":{"@context":"https:\/\/schema.org","@graph":[{"@type":"WebPage","@id":"https:\/\/gayaessence.com\/index.php\/producto\/posavelas-de-te\/","url":"https:\/\/gayaessence.com\/index.php\/producto\/posavelas-de-te\/","name":"Posavelas de te dise\u00f1o mandala - Gaya Essence","isPartOf":{"@id":"https:\/\/gayaessence.com\/#website"},"primaryImageOfPage":{"@id":"https:\/\/gayaessence.com\/index.php\/producto\/posavelas-de-te\/#primaryimage"},"image":{"@id":"https:\/\/gayaessence.com\/index.php\/producto\/posavelas-de-te\/#primaryimage"},"thumbnailUrl":"https:\/\/gayaessence.com\/wp-content\/uploads\/2025\/04\/Captura-de-pantalla-2025-04-16-a-las-12.51.30.png","datePublished":"2025-04-16T11:03:34+00:00","dateModified":"2025-08-18T00:00:26+00:00","breadcrumb":{"@id":"https:\/\/gayaessence.com\/index.php\/producto\/posavelas-de-te\/#breadcrumb"},"inLanguage":"es","potentialAction":[{"@type":"ReadAction","target":["https:\/\/gayaessence.com\/index.php\/producto\/posavelas-de-te\/"]}]},{"@type":"ImageObject","inLanguage":"es","@id":"https:\/\/gayaessence.com\/index.php\/producto\/posavelas-de-te\/#primaryimage","url":"https:\/\/gayaessence.com\/wp-content\/uploads\/2025\/04\/Captura-de-pantalla-2025-04-16-a-las-12.51.30.png","contentUrl":"https:\/\/gayaessence.com\/wp-content\/uploads\/2025\/04\/Captura-de-pantalla-2025-04-16-a-las-12.51.30.png","width":980,"height":1060},{"@type":"BreadcrumbList","@id":"https:\/\/gayaessence.com\/index.php\/producto\/posavelas-de-te\/#breadcrumb","itemListElement":[{"@type":"ListItem","position":1,"name":"Portada","item":"https:\/\/gayaessence.com\/"},{"@type":"ListItem","position":2,"name":"Tienda","item":"https:\/\/gayaessence.com\/index.php\/shop\/"},{"@type":"ListItem","position":3,"name":"Posavelas de te dise\u00f1o mandala"}]},{"@type":"WebSite","@id":"https:\/\/gayaessence.com\/#website","url":"https:\/\/gayaessence.com\/","name":"Gaya Essence","description":"Cuida, Protege y Eleva tu Vibraci\u00f3n","publisher":{"@id":"https:\/\/gayaessence.com\/#organization"},"potentialAction":[{"@type":"SearchAction","target":{"@type":"EntryPoint","urlTemplate":"https:\/\/gayaessence.com\/?s={search_term_string}"},"query-input":{"@type":"PropertyValueSpecification","valueRequired":true,"valueName":"search_term_string"}}],"inLanguage":"es"},{"@type":"Organization","@id":"https:\/\/gayaessence.com\/#organization","name":"Gaya Essence","url":"https:\/\/gayaessence.com\/","logo":{"@type":"ImageObject","inLanguage":"es","@id":"https:\/\/gayaessence.com\/#\/schema\/logo\/image\/","url":"https:\/\/gayaessence.com\/wp-content\/uploads\/2024\/10\/cropped-logo-transp-1.png","contentUrl":"https:\/\/gayaessence.com\/wp-content\/uploads\/2024\/10\/cropped-logo-transp-1.png","width":500,"height":196,"caption":"Gaya Essence"},"image":{"@id":"https:\/\/gayaessence.com\/#\/schema\/logo\/image\/"}}]}},"jetpack_sharing_enabled":true,"_links":{"self":[{"href":"https:\/\/gayaessence.com\/index.php\/wp-json\/wp\/v2\/product\/3673","targetHints":{"allow":["GET"]}}],"collection":[{"href":"https:\/\/gayaessence.com\/index.php\/wp-json\/wp\/v2\/product"}],"about":[{"href":"https:\/\/gayaessence.com\/index.php\/wp-json\/wp\/v2\/types\/product"}],"version-history":[{"count":6,"href":"https:\/\/gayaessence.com\/index.php\/wp-json\/wp\/v2\/product\/3673\/revisions"}],"predecessor-version":[{"id":4196,"href":"https:\/\/gayaessence.com\/index.php\/wp-json\/wp\/v2\/product\/3673\/revisions\/4196"}],"wp:featuredmedia":[{"embeddable":true,"href":"https:\/\/gayaessence.com\/index.php\/wp-json\/wp\/v2\/media\/3676"}],"wp:attachment":[{"href":"https:\/\/gayaessence.com\/index.php\/wp-json\/wp\/v2\/media?parent=3673"}],"wp:term":[{"taxonomy":"product_brand","embeddable":true,"href":"https:\/\/gayaessence.com\/index.php\/wp-json\/wp\/v2\/product_brand?post=3673"},{"taxonomy":"product_cat","embeddable":true,"href":"https:\/\/gayaessence.com\/index.php\/wp-json\/wp\/v2\/product_cat?post=3673"},{"taxonomy":"product_tag","embeddable":true,"href":"https:\/\/gayaessence.com\/index.php\/wp-json\/wp\/v2\/product_tag?post=3673"}],"curies":[{"name":"wp","href":"https:\/\/api.w.org\/{rel}","templated":true}]}}